 factors of g.
7, 11
Let h(b) = b**2 + 8*b - 2. Let u be h(-13). Suppose 0 = k - u - 12. List the prime factors of k.
3, 5
Let r(o) = -o - 9. Let x be r(-12). List the prime factors of (x/(-5) + (-2296)/40)*-3.
2, 3, 29
Let i be (4/(-2))/(1 + -2). Let x be 19/2 + 2/(-4). List the prime factors of (-21)/i*(-6)/x.
7
Suppose 2*o - 7 + 1 = 0. Suppose -186*r = -182*r. Suppose -3*b + w + 159 = r, o*b - 69 = 2*b - 5*w. What are the prime factors of b?
2, 3
Let d(x) = 4*x**2 + 9*x + 19. Let l be d(10). Suppose 0 = -5*b + 84 - l. What are the prime factors of b/(-7) + 10/(-70)?
2, 3
Suppose -2*z = -25*z + 33097. List the prime factors of z.
1439
Let z = 2459 + -208. List the prime factors of z.
2251
Suppose 2 = 2*v + 26. Let n(u) = u**3 + u**2 - u. Let m(y) = y**3 - 9*y**2 + 11*y - 11. Let g(z) = -m(z) + 2*n(z). What are the prime factors of g(v)?
23
What are the prime factors of 16/(-6)*(-19845)/42?
2, 3, 5, 7
Let x = 8 - 5. Let a(v) = -6 - 1 - x + 3*v + 4. List the prime factors of a(13).
3, 11
What are the prime factors of (-9 - 337/3)*-24?
2, 7, 13
Suppose 0 = -9*v - v + 30. Suppose 0 = -v*q + 3*p - p + 1, -4*q = -3*p. List the prime factors of q.
3
Suppose 4*k = -3*w - 500, -3*w + 160 = -4*w - 3*k. Let x = 288 + w. What are the prime factors of x?
2, 29
Let d(a) be the second derivative of -a**3/2 - 3*a. Let q be d(1). Let c = q + 10. List the prime factors of c.
7
Let b = 3653 - 1810. What are the prime factors of b?
19, 97
Let o be (-3 + 5)*2 + -1. Suppose o*p + 2*j - 37 - 16 = 0, -2*p - 5*j + 28 = 0. What are the prime factors of p?
19
Suppose -2*f = -5*k + 375, -4*k + 166 = -2*f - 134. Suppose -h = w - k, -h + 3*h = 2*w + 150. List the prime factors of h.
3, 5
Let h = 104 - 86. Let t(z) = 17*z + 17. What are the prime factors of t(h)?
17, 19
List the prime factors of 58 - (-7 - -7)/4.
2, 29
Let o(k) = 2*k - 3. Let f be o(19). What are the prime factors of (116/10)/(14/f)?
29
List the prime factors of (0 - 4) + (67 - -1058).
19, 59
Let d(h) = 29*h**2 + 222*h + 12. List the prime factors of d(-8).
2, 23
Suppose 3*d + 3040 = 5*c - 5967, -c + 2*d + 1800 = 0. What are the prime factors of c?
2, 17, 53
Suppose 4*y = 2*f + 8*y - 1142, f + 5*y - 568 = 0. List the prime factors of f.
3, 191
List the prime factors of (-12)/(-10)*(-13 + 7686/12).
3, 251
Let o = 2051 + 627. List the prime factors of o.
2, 13, 103
Let y(m) = m**2 - 6*m. Let t be y(6). Suppose t = -3*l + 11*l - 392. List the prime factors of l.
7
Suppose -3*t - 7 = -5*h, 2*h - 5*t = h - 3. Let g be 12/2 + -2 + h. Suppose g*p - 16 = 2*p. List the prime factors of p.
2
Let f be (-23)/(-4) + (-15)/20. Suppose -322 = -f*i + 278. What are the prime factors of i?
2, 3, 5
Let v = 18 + -15. Suppose 3*p - 3*d = 36, -4*p = v*d - 1 - 47. Suppose 0 = l - 25 - p. What are the prime factors of l?
37
Let g be ((-1)/(-3) - -1)/(8/(-24)). What are the prime factors of (g - 0) + 450/5?
2, 43
Suppose 4*d - 12164 = -4*z, 28*d + 6081 = 30*d + z. What are the prime factors of d?
2, 5, 19
Suppose -19 - 20 = -13*r. Suppose r*n = -2*n + 370. List the prime factors of n.
2, 37
Let j(w) = -8*w + 2. Let c be j(9). Let t be c/7*1/2. What are the prime factors of 4/(-1)*(t - -4)?
2
Let s(r) = -11*r**2 - r - 1. Let i be s(-1). Let z = -3 - i. List the prime factors of 110/z - 6/8.
13
Let o be 4/(-24)*-8*(-171)/(-1). Let h = -125 + o. What are the prime factors of h?
103
Let l be (35/(-20))/((-3)/120). Suppose -8*h = -l - 58. What are the prime factors of h?
2
Let x = 386 - 386. Let z(v) = 97*v**2 - 2*v + 1. Let a be z(1). Suppose x*c + 4*c - a = 0. List the prime factors of c.
2, 3
Let v be 4 + (-1190)/15 - 4/6. Let w = -48 - v. List the prime factors of w.
2, 7
Suppose 4*t = 5*t - 10. Let h be (-75)/t*2/(-3). Suppose h*a = 25 + 15. What are the prime factors of a?
2
Let r(w) be the third derivative of -w**5/30 + w**4/12 - w**3/2 - 3*w**2. Let p(h) be the first derivative of r(h). List the prime factors of p(-4).
2, 3
Let v(m) be the second derivative of m**5/20 - m**4/3 + 5*m**3/6 - m**2/2 - 2*m. What are the prime factors of v(5)?
7
Let y = 4812 + -3411. List the prime factors of y.
3, 467
Let z = -12 + 28. Suppose 14*r + 250 = z*r. What are the prime factors of r?
5
Suppose 9*z - 6*z - 99 = 0. Let r = 72 - z. List the prime factors of r.
3, 13
Let m = -258 + 677. List the prime factors of m.
419
Let g(s) = -6*s + 67. List the prime factors of g(-20).
11, 17
Let k(m) = 39*m**2 + 10*m - 58. What are the prime factors of k(8)?
2, 1259
Suppose -3*h = -5*h - s - 28, -3*h = -4*s + 20. List the prime factors of 442*((-18)/h + -1).
13, 17
Suppose 3*g + 10996 = 4*s + 7*g, s = -4*g + 2758. List the prime factors of s.
2, 1373
Let b(s) = s**3 - 3*s**2 + 3. Let w be b(3). Suppose -l = -w*l + 38. Suppose -3*x - 1 = -l. List the prime factors of x.
2, 3
Suppose -2*w - 7770 = -5*j + 115, -4*j = -w - 6308. List the prime factors of j.
19, 83
Suppose -5*v + 10*v + 3*t - 5805 = 0, 0 = 2*v + t - 2323. Let w be (v/18)/(2/3). Let x = -47 + w. List the prime factors of x.
2, 5
Let o = -411 + 825. What are the prime factors of o?
2, 3, 23
List the prime factors of (-1)/(-3)*(599 + -2).
199
Let m be (1/((-5)/45))/1. List the prime factors of (-1)/3 - (1191/m - -3).
3, 43
Let g = 1906 - 1152. List the prime factors of g.
2, 13, 29
Suppose -25*s + 2132 = -21*s. Let i = s + -300. What are the prime factors of i?
233
Suppose -23 = -k + 4*i + 83, 3*i - 415 = -5*k. What are the prime factors of k?
2, 43
Let x = -48 - 98. Let h = x - -206. Suppose 2*i - h = -i. What are the prime factors of i?
2, 5
Suppose s - f + 210 = 0, -2*s - 414 = -0*s + 4*f. Let o = -115 - s. What are the prime factors of o?
2, 47
Let t(m) = 102*m**3 + 2*m**2 + m - 2. Suppose -7*z - 2 = -9. List the prime factors of t(z).
103
Let t(o) = 2*o**2. Let m be t(0). Let x be (-58)/((2 - 4) + m). Suppose -a - w - 4*w = -x, w = 5*a - 67. What are the prime factors of a?
2, 7
Let o(g) = 3*g**3 - g**2 + 2*g + 2. Suppose 6 = n + 3. List the prime factors of o(n).
2, 5
Let a be 3*(1 - 0)/1. Suppose -4*n + 120 = -0*i + a*i, -16 = 4*i. What are the prime factors of n?
3, 11
Let f(o) = -o**2 + 8*o + 15. Let n be f(11). Let u(c) = -c**2 + 6*c - 3. Let z be u(3). What are the prime factors of ((-18)/2)/(z/n)?
3
Let o = -182 + 745. List the prime factors of o.
563
Suppose -6*f = f - 28. Suppose f*x = x - 2*y + 72, 5*x - 122 = -4*y. List the prime factors of x.
2, 11
Let d be -82 - (-15 + 7) - -3*1. Let q = d - -113. List the prime factors of q.
2, 3, 7
List the prime factors of -589*((-6)/4 - (-16)/32).
19, 31
Suppose 344 = 4*y + 4*a, -4*a = 4*y - y - 256. What are the prime factors of y?
2, 11
Let q = 72 + 128. Suppose 4*s + 8 = q. List the prime factors of s.
2, 3
List the prime factors of (-306)/(-816) - (-27125)/8.
3391
Let y(r) = 2*r**2 + r + 2. Suppose 0 = -4*t - 0*o - 3*o + 34, 0 = 5*t - 3*o - 29. List the prime factors of y(t).
107
Let p(o) be the third derivative of -o**4/4 + o**3 - 22*o**2. What are the prime factors of p(-16)?
2, 3, 17
List the prime factors of ((-1)/((-4)/6))/((-672)/(-869120)).
2, 5, 97
What are the prime factors of (-4 + 18/5)*-385?
2, 7, 11
Let v(s) = 2*s**3 - 12*s**2 - s + 5. Let x be v(7). Let w = -85 + x. What are the prime factors of w?
11
Let h = -1285 - -2290. List the prime factors of h.
3, 5, 67
Let t = 2237 - 1438. List the prime factors of t.
17, 47
Let l(d) be the first derivative of -d**4/4 + 4*d**3 - 9*d**2/2 - 9*d + 1. Let j(z) = z**2 + 3*z + 11. Let v be j(0). What are the prime factors of l(v)?
13
Let v(l) = -2*l**3 + 2*l**2 - 6. Let d be v(2). Let k = -3 - d. List the prime factors of k.
11
Suppose 142 = 8*w - 50. What are the prime factors of w?
2, 3
Suppose -4*w - 2*n + 6 = 0, -2*w - 4 = 3*n - 1. Suppose q = 2*g - 3*q - 14, 35 = 5*g + w*q. Let t = g + 0. What are the prime factors of t?
7
Let b(i) = i**3 - 5*i**2 + 7*i - 22. Let o(v) = -3*v + 11. Let w be o(2). What are the prime factors of b(w)?
13
Let d = 973 - -237. What are the prime factors of d?
2, 5, 11
Suppose 0 = 3*o + 9, -2*b = 2*b + o - 2993. List the prime factors of b.
7, 107
Let d = -30 - -18. Let o = d - -23. Suppose -q = -3*q + m + 7, 5*m = -2*q - o. What are the prime factors of q?
2
Suppose 9*w - 11*w = -3280. Let o be (1/4)/(10/w). Let z = o + -19. List the prime factors